{"id":4290,"date":"2024-06-15T16:05:19","date_gmt":"2024-06-15T14:05:19","guid":{"rendered":"https:\/\/nsv-ski.de\/?page_id=4290"},"modified":"2024-06-15T16:05:19","modified_gmt":"2024-06-15T14:05:19","slug":"schnee-von-morgen","status":"publish","type":"page","link":"https:\/\/nsv-ski.de\/?page_id=4290","title":{"rendered":"SCHNEE VON MORGEN"},"content":{"rendered":"\n<p>Nachhaltigkeit ist f\u00fcr den DSV und seine Landesverb\u00e4nde eine Haltung.<\/p>\n\n\n\n<p>Die positiven Wirkungen des Sports stehen im Zentrum unseres Handelns.<\/p>\n\n\n\n<p>Wintersportvereine und -verb\u00e4nde bieten Kindern, Jugendlichen<br>und Erwachsen vor allem in der dunklen Jahreszeit zahlreiche<br>Bewegungsm\u00f6glichkeiten und begeistern abseits von digitalen<br>Medien, Bewegungsmangel und Alltagshektik.<\/p>\n\n\n\n<p>Wintersport schafft Gemeinschaft von jung bis alt, vermittelt soziale<br>Werte und bietet direkte Interaktion mit der Natur und deren Elementen.<\/p>\n\n\n\n<p>Bewegung im Schnee bietet einzigartige Erlebnisse<br>als Kontrast zum Alltag.<\/p>\n\n\n\n<div data-wp-interactive=\"core\/file\" class=\"wp-block-file\"><object data-wp-bind--hidden=\"!state.hasPdfPreview\" hidden class=\"wp-block-file__embed\" data=\"https:\/\/nsv-ski.de\/wp-content\/uploads\/2024\/06\/NACHHALTIGKEIT_IM_WINTERSPORT.pdf\" type=\"application\/pdf\" style=\"width:100%;height:600px\" aria-label=\"Einbettung von NACHHALTIGKEIT_IM_WINTERSPORT.\"><\/object><a id=\"wp-block-file--media-4aef9b01-728d-4593-b22b-a1666dce0542\" href=\"https:\/\/nsv-ski.de\/wp-content\/uploads\/2024\/06\/NACHHALTIGKEIT_IM_WINTERSPORT.pdf\">NACHHALTIGKEIT_IM_WINTERSPORT<\/a><a href=\"https:\/\/nsv-ski.de\/wp-content\/uploads\/2024\/06\/NACHHALTIGKEIT_IM_WINTERSPORT.pdf\" class=\"wp-block-file__button wp-element-button\" download aria-describedby=\"wp-block-file--media-4aef9b01-728d-4593-b22b-a1666dce0542\">Herunterladen<\/a><\/div>\n","protected":false},"excerpt":{"rendered":"<p>Nachhaltigkeit ist f\u00fcr den DSV und seine Landesverb\u00e4nde eine Haltung. Die positiven Wirkungen des Sports stehen im Zentrum unseres Handelns. Wintersportvereine und -verb\u00e4nde bieten Kindern, Jugendlichenund Erwachsen vor allem in der dunklen Jahreszeit zahlreicheBewegungsm\u00f6glichkeiten und begeistern abseits von digitalenMedien, Bewegungsmangel und Alltagshektik. Wintersport schafft Gemeinschaft von jung bis alt, vermittelt sozialeWerte und bietet direkte Interaktion [&hellip;]<\/p>\n","protected":false},"author":1,"featured_media":0,"parent":2134,"menu_order":0,"comment_status":"closed","ping_status":"closed","template":"","meta":{"_mc_calendar":[],"footnotes":""},"coauthors":[18],"class_list":["post-4290","page","type-page","status-publish","hentry"],"_links":{"self":[{"href":"https:\/\/nsv-ski.de\/index.php?rest_route=\/wp\/v2\/pages\/4290","targetHints":{"allow":["GET"]}}],"collection":[{"href":"https:\/\/nsv-ski.de\/index.php?rest_route=\/wp\/v2\/pages"}],"about":[{"href":"https:\/\/nsv-ski.de\/index.php?rest_route=\/wp\/v2\/types\/page"}],"author":[{"embeddable":true,"href":"https:\/\/nsv-ski.de\/index.php?rest_route=\/wp\/v2\/users\/1"}],"replies":[{"embeddable":true,"href":"https:\/\/nsv-ski.de\/index.php?rest_route=%2Fwp%2Fv2%2Fcomments&post=4290"}],"version-history":[{"count":1,"href":"https:\/\/nsv-ski.de\/index.php?rest_route=\/wp\/v2\/pages\/4290\/revisions"}],"predecessor-version":[{"id":4292,"href":"https:\/\/nsv-ski.de\/index.php?rest_route=\/wp\/v2\/pages\/4290\/revisions\/4292"}],"up":[{"embeddable":true,"href":"https:\/\/nsv-ski.de\/index.php?rest_route=\/wp\/v2\/pages\/2134"}],"wp:attachment":[{"href":"https:\/\/nsv-ski.de\/index.php?rest_route=%2Fwp%2Fv2%2Fmedia&parent=4290"}],"wp:term":[{"taxonomy":"author","embeddable":true,"href":"https:\/\/nsv-ski.de\/index.php?rest_route=%2Fwp%2Fv2%2Fcoauthors&post=4290"}],"curies":[{"name":"wp","href":"https:\/\/api.w.org\/{rel}","templated":true}]}}